{"id":7025,"date":"2021-01-27T12:53:26","date_gmt":"2021-11-17T15:33:25","guid":{"rendered":"https:\/\/www.casaarena.eu\/producte\/mas-de-les-valls-rouge-2018-aoc-priorat\/"},"modified":"2021-11-29T08:45:45","modified_gmt":"2021-11-29T08:45:45","slug":"mas-de-les-valls-rouge-2018-aoc-priorat","status":"publish","type":"product","link":"https:\/\/casaarena.eu\/fr\/producte\/mas-de-les-valls-rouge-2018-aoc-priorat\/","title":{"rendered":"Mas De Les Valls Rouge 2018, AOC Priorat"},"content":{"rendered":"<p><!-- VideographyWP Plugin Message: Automatic video embedding prevented by plugin options. --><br \/>\nC\u00e9pages\u00a0: Grenache noir, Carignan N, Cabernet Sauvignon. S\u00e9lection de raisins \u00e0 la vigne et au chai. Fermentation en cuves inox (mac\u00e9ration pendant 20 \u00e0 25\u00a0jours). Vieilli en f\u00fbts de ch\u00eane fran\u00e7ais et am\u00e9ricain de 225\u00a0litres pendant 12\u00a0mois.<\/p>\n<p>Couleur rouge cerise intense avec des tons violets tr\u00e8s vifs.<\/p>\n<p>Des ar\u00f4mes de cerises fra\u00eeches et mac\u00e9r\u00e9es, de confitures de fruits noirs, de vanille et de douces touches de bois soutiennent la complexit\u00e9 aromatique. Notes balsamiques subtiles.<\/p>\n<p>Frais et vif en bouche, acidit\u00e9 correcte avec une certaine onctuosit\u00e9, bonne longueur en bouche.<\/p>\n","protected":false},"excerpt":{"rendered":"<p>Grenache, Carignan et Cabernet Sauvignon.<br \/>\nVieilli en f\u00fbts de ch\u00eane pendant 12\u00a0mois.<br \/>\nPoids 1,5 kg<\/p>\n","protected":false},"featured_media":3378,"template":"","meta":{"_acf_changed":false,"inline_featured_image":false},"product_brand":[],"product_cat":[305,320],"product_tag":[],"class_list":{"0":"post-7025","1":"product","2":"type-product","3":"status-publish","4":"has-post-thumbnail","6":"product_cat-productes-casa-arena-fr","7":"product_cat-vins-fr","9":"first","10":"instock","11":"taxable","12":"shipping-taxable","13":"purchasable","14":"product-type-simple"},"acf":[],"yoast_head":"<!-- This site is optimized with the Yoast SEO plugin v27.5 - https:\/\/yoast.com\/product\/yoast-seo-wordpress\/ -->\n<title>Mas De Les Valls Rouge 2018, AOC Priorat - Casa arena<\/title>\n<meta name=\"robots\" content=\"index, follow, max-snippet:-1, max-image-preview:large, max-video-preview:-1\" \/>\n<link rel=\"canonical\" href=\"https:\/\/casaarena.eu\/producte\/mas-de-les-valls-negre-2018\/\" \/>\n<meta property=\"og:locale\" content=\"fr_FR\" \/>\n<meta property=\"og:type\" content=\"article\" \/>\n<meta property=\"og:title\" content=\"Mas De Les Valls Rouge 2018, AOC Priorat - Casa arena\" \/>\n<meta property=\"og:description\" content=\"Grenache, Carignan et Cabernet Sauvignon. Vieilli en f\u00fbts de ch\u00eane pendant 12\u00a0mois. Poids 1,5 kg\" \/>\n<meta property=\"og:url\" content=\"https:\/\/casaarena.eu\/producte\/mas-de-les-valls-negre-2018\/\" \/>\n<meta property=\"og:site_name\" content=\"Casa arena\" \/>\n<meta property=\"article:modified_time\" content=\"2021-11-29T08:45:45+00:00\" \/>\n<meta property=\"og:image\" content=\"https:\/\/casaarena.eu\/wp-content\/uploads\/2021\/02\/mdlvn.png\" \/>\n\t<meta property=\"og:image:width\" content=\"587\" \/>\n\t<meta property=\"og:image:height\" content=\"587\" \/>\n\t<meta property=\"og:image:type\" content=\"image\/png\" \/>\n<meta name=\"twitter:card\" content=\"summary_large_image\" \/>\n<script type=\"application\/ld+json\" class=\"yoast-schema-graph\">{\"@context\":\"https:\\\/\\\/schema.org\",\"@graph\":[{\"@type\":\"WebPage\",\"@id\":\"https:\\\/\\\/casaarena.eu\\\/producte\\\/mas-de-les-valls-negre-2018\\\/\",\"url\":\"https:\\\/\\\/casaarena.eu\\\/producte\\\/mas-de-les-valls-negre-2018\\\/\",\"name\":\"Mas De Les Valls Rouge 2018, AOC Priorat - Casa arena\",\"isPartOf\":{\"@id\":\"https:\\\/\\\/casaarena.eu\\\/es\\\/#website\"},\"primaryImageOfPage\":{\"@id\":\"https:\\\/\\\/casaarena.eu\\\/producte\\\/mas-de-les-valls-negre-2018\\\/#primaryimage\"},\"image\":{\"@id\":\"https:\\\/\\\/casaarena.eu\\\/producte\\\/mas-de-les-valls-negre-2018\\\/#primaryimage\"},\"thumbnailUrl\":\"https:\\\/\\\/casaarena.eu\\\/wp-content\\\/uploads\\\/2021\\\/02\\\/mdlvn.png\",\"datePublished\":\"2021-11-17T15:33:25+00:00\",\"dateModified\":\"2021-11-29T08:45:45+00:00\",\"breadcrumb\":{\"@id\":\"https:\\\/\\\/casaarena.eu\\\/producte\\\/mas-de-les-valls-negre-2018\\\/#breadcrumb\"},\"inLanguage\":\"fr-FR\",\"potentialAction\":[{\"@type\":\"ReadAction\",\"target\":[\"https:\\\/\\\/casaarena.eu\\\/producte\\\/mas-de-les-valls-negre-2018\\\/\"]}]},{\"@type\":\"ImageObject\",\"inLanguage\":\"fr-FR\",\"@id\":\"https:\\\/\\\/casaarena.eu\\\/producte\\\/mas-de-les-valls-negre-2018\\\/#primaryimage\",\"url\":\"https:\\\/\\\/casaarena.eu\\\/wp-content\\\/uploads\\\/2021\\\/02\\\/mdlvn.png\",\"contentUrl\":\"https:\\\/\\\/casaarena.eu\\\/wp-content\\\/uploads\\\/2021\\\/02\\\/mdlvn.png\",\"width\":587,\"height\":587},{\"@type\":\"BreadcrumbList\",\"@id\":\"https:\\\/\\\/casaarena.eu\\\/producte\\\/mas-de-les-valls-negre-2018\\\/#breadcrumb\",\"itemListElement\":[{\"@type\":\"ListItem\",\"position\":1,\"name\":\"Portada\",\"item\":\"https:\\\/\\\/casaarena.eu\\\/\"},{\"@type\":\"ListItem\",\"position\":2,\"name\":\"Products\",\"item\":\"https:\\\/\\\/casaarena.eu\\\/en\\\/shop\\\/\"},{\"@type\":\"ListItem\",\"position\":3,\"name\":\"Mas De Les Valls Rouge 2018, AOC Priorat\"}]},{\"@type\":\"WebSite\",\"@id\":\"https:\\\/\\\/casaarena.eu\\\/es\\\/#website\",\"url\":\"https:\\\/\\\/casaarena.eu\\\/es\\\/\",\"name\":\"Casa arena\",\"description\":\"Casa Arena Wordpress Site\",\"publisher\":{\"@id\":\"https:\\\/\\\/casaarena.eu\\\/es\\\/#organization\"},\"potentialAction\":[{\"@type\":\"SearchAction\",\"target\":{\"@type\":\"EntryPoint\",\"urlTemplate\":\"https:\\\/\\\/casaarena.eu\\\/es\\\/?s={search_term_string}\"},\"query-input\":{\"@type\":\"PropertyValueSpecification\",\"valueRequired\":true,\"valueName\":\"search_term_string\"}}],\"inLanguage\":\"fr-FR\"},{\"@type\":\"Organization\",\"@id\":\"https:\\\/\\\/casaarena.eu\\\/es\\\/#organization\",\"name\":\"Casa arena\",\"url\":\"https:\\\/\\\/casaarena.eu\\\/es\\\/\",\"logo\":{\"@type\":\"ImageObject\",\"inLanguage\":\"fr-FR\",\"@id\":\"https:\\\/\\\/casaarena.eu\\\/es\\\/#\\\/schema\\\/logo\\\/image\\\/\",\"url\":\"https:\\\/\\\/casaarena.eu\\\/wp-content\\\/uploads\\\/2020\\\/06\\\/cropped-CasaArena_Logotip_Web-2.png\",\"contentUrl\":\"https:\\\/\\\/casaarena.eu\\\/wp-content\\\/uploads\\\/2020\\\/06\\\/cropped-CasaArena_Logotip_Web-2.png\",\"width\":997,\"height\":613,\"caption\":\"Casa arena\"},\"image\":{\"@id\":\"https:\\\/\\\/casaarena.eu\\\/es\\\/#\\\/schema\\\/logo\\\/image\\\/\"},\"sameAs\":[\"https:\\\/\\\/www.instagram.com\\\/casaarena_eu\\\/\"]}]}<\/script>\n<!-- \/ Yoast SEO plugin. -->","yoast_head_json":{"title":"Mas De Les Valls Rouge 2018, AOC Priorat - Casa arena","robots":{"index":"index","follow":"follow","max-snippet":"max-snippet:-1","max-image-preview":"max-image-preview:large","max-video-preview":"max-video-preview:-1"},"canonical":"https:\/\/casaarena.eu\/producte\/mas-de-les-valls-negre-2018\/","og_locale":"fr_FR","og_type":"article","og_title":"Mas De Les Valls Rouge 2018, AOC Priorat - Casa arena","og_description":"Grenache, Carignan et Cabernet Sauvignon. Vieilli en f\u00fbts de ch\u00eane pendant 12\u00a0mois. Poids 1,5 kg","og_url":"https:\/\/casaarena.eu\/producte\/mas-de-les-valls-negre-2018\/","og_site_name":"Casa arena","article_modified_time":"2021-11-29T08:45:45+00:00","og_image":[{"width":587,"height":587,"url":"https:\/\/casaarena.eu\/wp-content\/uploads\/2021\/02\/mdlvn.png","type":"image\/png"}],"twitter_card":"summary_large_image","schema":{"@context":"https:\/\/schema.org","@graph":[{"@type":"WebPage","@id":"https:\/\/casaarena.eu\/producte\/mas-de-les-valls-negre-2018\/","url":"https:\/\/casaarena.eu\/producte\/mas-de-les-valls-negre-2018\/","name":"Mas De Les Valls Rouge 2018, AOC Priorat - Casa arena","isPartOf":{"@id":"https:\/\/casaarena.eu\/es\/#website"},"primaryImageOfPage":{"@id":"https:\/\/casaarena.eu\/producte\/mas-de-les-valls-negre-2018\/#primaryimage"},"image":{"@id":"https:\/\/casaarena.eu\/producte\/mas-de-les-valls-negre-2018\/#primaryimage"},"thumbnailUrl":"https:\/\/casaarena.eu\/wp-content\/uploads\/2021\/02\/mdlvn.png","datePublished":"2021-11-17T15:33:25+00:00","dateModified":"2021-11-29T08:45:45+00:00","breadcrumb":{"@id":"https:\/\/casaarena.eu\/producte\/mas-de-les-valls-negre-2018\/#breadcrumb"},"inLanguage":"fr-FR","potentialAction":[{"@type":"ReadAction","target":["https:\/\/casaarena.eu\/producte\/mas-de-les-valls-negre-2018\/"]}]},{"@type":"ImageObject","inLanguage":"fr-FR","@id":"https:\/\/casaarena.eu\/producte\/mas-de-les-valls-negre-2018\/#primaryimage","url":"https:\/\/casaarena.eu\/wp-content\/uploads\/2021\/02\/mdlvn.png","contentUrl":"https:\/\/casaarena.eu\/wp-content\/uploads\/2021\/02\/mdlvn.png","width":587,"height":587},{"@type":"BreadcrumbList","@id":"https:\/\/casaarena.eu\/producte\/mas-de-les-valls-negre-2018\/#breadcrumb","itemListElement":[{"@type":"ListItem","position":1,"name":"Portada","item":"https:\/\/casaarena.eu\/"},{"@type":"ListItem","position":2,"name":"Products","item":"https:\/\/casaarena.eu\/en\/shop\/"},{"@type":"ListItem","position":3,"name":"Mas De Les Valls Rouge 2018, AOC Priorat"}]},{"@type":"WebSite","@id":"https:\/\/casaarena.eu\/es\/#website","url":"https:\/\/casaarena.eu\/es\/","name":"Casa arena","description":"Casa Arena Wordpress Site","publisher":{"@id":"https:\/\/casaarena.eu\/es\/#organization"},"potentialAction":[{"@type":"SearchAction","target":{"@type":"EntryPoint","urlTemplate":"https:\/\/casaarena.eu\/es\/?s={search_term_string}"},"query-input":{"@type":"PropertyValueSpecification","valueRequired":true,"valueName":"search_term_string"}}],"inLanguage":"fr-FR"},{"@type":"Organization","@id":"https:\/\/casaarena.eu\/es\/#organization","name":"Casa arena","url":"https:\/\/casaarena.eu\/es\/","logo":{"@type":"ImageObject","inLanguage":"fr-FR","@id":"https:\/\/casaarena.eu\/es\/#\/schema\/logo\/image\/","url":"https:\/\/casaarena.eu\/wp-content\/uploads\/2020\/06\/cropped-CasaArena_Logotip_Web-2.png","contentUrl":"https:\/\/casaarena.eu\/wp-content\/uploads\/2020\/06\/cropped-CasaArena_Logotip_Web-2.png","width":997,"height":613,"caption":"Casa arena"},"image":{"@id":"https:\/\/casaarena.eu\/es\/#\/schema\/logo\/image\/"},"sameAs":["https:\/\/www.instagram.com\/casaarena_eu\/"]}]}},"_links":{"self":[{"href":"https:\/\/casaarena.eu\/fr\/wp-json\/wp\/v2\/product\/7025","targetHints":{"allow":["GET"]}}],"collection":[{"href":"https:\/\/casaarena.eu\/fr\/wp-json\/wp\/v2\/product"}],"about":[{"href":"https:\/\/casaarena.eu\/fr\/wp-json\/wp\/v2\/types\/product"}],"wp:featuredmedia":[{"embeddable":true,"href":"https:\/\/casaarena.eu\/fr\/wp-json\/wp\/v2\/media\/3378"}],"wp:attachment":[{"href":"https:\/\/casaarena.eu\/fr\/wp-json\/wp\/v2\/media?parent=7025"}],"wp:term":[{"taxonomy":"product_brand","embeddable":true,"href":"https:\/\/casaarena.eu\/fr\/wp-json\/wp\/v2\/product_brand?post=7025"},{"taxonomy":"product_cat","embeddable":true,"href":"https:\/\/casaarena.eu\/fr\/wp-json\/wp\/v2\/product_cat?post=7025"},{"taxonomy":"product_tag","embeddable":true,"href":"https:\/\/casaarena.eu\/fr\/wp-json\/wp\/v2\/product_tag?post=7025"}],"curies":[{"name":"wp","href":"https:\/\/api.w.org\/{rel}","templated":true}]}}

<p><!-- VideographyWP Plugin Message: Automatic video embedding prevented by plugin options. --><br />
Cépages : Grenache noir, Carignan N, Cabernet Sauvignon. Sélection de raisins à la vigne et au chai. Fermentation en cuves inox (macération pendant 20 à 25 jours). Vieilli en fûts de chêne français et américain de 225 litres pendant 12 mois.</p>
<p>Couleur rouge cerise intense avec des tons violets très vifs.</p>
<p>Des arômes de cerises fraîches et macérées, de confitures de fruits noirs, de vanille et de douces touches de bois soutiennent la complexité aromatique. Notes balsamiques subtiles.</p>
<p>Frais et vif en bouche, acidité correcte avec une certaine onctuosité, bonne longueur en bouche.</p>

<p>Grenache, Carignan et Cabernet Sauvignon.<br />
Vieilli en fûts de chêne pendant 12 mois.<br />
Poids 1,5 kg</p>

<!-- This site is optimized with the Yoast SEO plugin v27.5 - https://yoast.com/product/yoast-seo-wordpress/ -->
<title>Mas De Les Valls Rouge 2018, AOC Priorat - Casa arena</title>
<meta name="robots" content="index, follow, max-snippet:-1, max-image-preview:large, max-video-preview:-1" />
<link rel="canonical" href="https://casaarena.eu/producte/mas-de-les-valls-negre-2018/" />
<meta property="og:locale" content="fr_FR" />
<meta property="og:type" content="article" />
<meta property="og:title" content="Mas De Les Valls Rouge 2018, AOC Priorat - Casa arena" />
<meta property="og:description" content="Grenache, Carignan et Cabernet Sauvignon. Vieilli en fûts de chêne pendant 12 mois. Poids 1,5 kg" />
<meta property="og:url" content="https://casaarena.eu/producte/mas-de-les-valls-negre-2018/" />
<meta property="og:site_name" content="Casa arena" />
<meta property="article:modified_time" content="2021-11-29T08:45:45+00:00" />
<meta property="og:image" content="https://casaarena.eu/wp-content/uploads/2021/02/mdlvn.png" />
	<meta property="og:image:width" content="587" />
	<meta property="og:image:height" content="587" />
	<meta property="og:image:type" content="image/png" />
<meta name="twitter:card" content="summary_large_image" />
<script type="application/ld+json" class="yoast-schema-graph">{"@context":"https:\/\/schema.org","@graph":[{"@type":"WebPage","@id":"https:\/\/casaarena.eu\/producte\/mas-de-les-valls-negre-2018\/","url":"https:\/\/casaarena.eu\/producte\/mas-de-les-valls-negre-2018\/","name":"Mas De Les Valls Rouge 2018, AOC Priorat - Casa arena","isPartOf":{"@id":"https:\/\/casaarena.eu\/es\/#website"},"primaryImageOfPage":{"@id":"https:\/\/casaarena.eu\/producte\/mas-de-les-valls-negre-2018\/#primaryimage"},"image":{"@id":"https:\/\/casaarena.eu\/producte\/mas-de-les-valls-negre-2018\/#primaryimage"},"thumbnailUrl":"https:\/\/casaarena.eu\/wp-content\/uploads\/2021\/02\/mdlvn.png","datePublished":"2021-11-17T15:33:25+00:00","dateModified":"2021-11-29T08:45:45+00:00","breadcrumb":{"@id":"https:\/\/casaarena.eu\/producte\/mas-de-les-valls-negre-2018\/#breadcrumb"},"inLanguage":"fr-FR","potentialAction":[{"@type":"ReadAction","target":["https:\/\/casaarena.eu\/producte\/mas-de-les-valls-negre-2018\/"]}]},{"@type":"ImageObject","inLanguage":"fr-FR","@id":"https:\/\/casaarena.eu\/producte\/mas-de-les-valls-negre-2018\/#primaryimage","url":"https:\/\/casaarena.eu\/wp-content\/uploads\/2021\/02\/mdlvn.png","contentUrl":"https:\/\/casaarena.eu\/wp-content\/uploads\/2021\/02\/mdlvn.png","width":587,"height":587},{"@type":"BreadcrumbList","@id":"https:\/\/casaarena.eu\/producte\/mas-de-les-valls-negre-2018\/#breadcrumb","itemListElement":[{"@type":"ListItem","position":1,"name":"Portada","item":"https:\/\/casaarena.eu\/"},{"@type":"ListItem","position":2,"name":"Products","item":"https:\/\/casaarena.eu\/en\/shop\/"},{"@type":"ListItem","position":3,"name":"Mas De Les Valls Rouge 2018, AOC Priorat"}]},{"@type":"WebSite","@id":"https:\/\/casaarena.eu\/es\/#website","url":"https:\/\/casaarena.eu\/es\/","name":"Casa arena","description":"Casa Arena Wordpress Site","publisher":{"@id":"https:\/\/casaarena.eu\/es\/#organization"},"potentialAction":[{"@type":"SearchAction","target":{"@type":"EntryPoint","urlTemplate":"https:\/\/casaarena.eu\/es\/?s={search_term_string}"},"query-input":{"@type":"PropertyValueSpecification","valueRequired":true,"valueName":"search_term_string"}}],"inLanguage":"fr-FR"},{"@type":"Organization","@id":"https:\/\/casaarena.eu\/es\/#organization","name":"Casa arena","url":"https:\/\/casaarena.eu\/es\/","logo":{"@type":"ImageObject","inLanguage":"fr-FR","@id":"https:\/\/casaarena.eu\/es\/#\/schema\/logo\/image\/","url":"https:\/\/casaarena.eu\/wp-content\/uploads\/2020\/06\/cropped-CasaArena_Logotip_Web-2.png","contentUrl":"https:\/\/casaarena.eu\/wp-content\/uploads\/2020\/06\/cropped-CasaArena_Logotip_Web-2.png","width":997,"height":613,"caption":"Casa arena"},"image":{"@id":"https:\/\/casaarena.eu\/es\/#\/schema\/logo\/image\/"},"sameAs":["https:\/\/www.instagram.com\/casaarena_eu\/"]}]}</script>
<!-- / Yoast SEO plugin. -->

Grenache, Carignan et Cabernet Sauvignon. Vieilli en fûts de chêne pendant 12 mois. Poids 1,5 kg
